19 + -2 + 1*-1. Let h be ((-15)/(225/20))/((-4)/21). Let q be (h - (-275)/(-33))/((-2)/108). Calculate the greatest common divisor of n and q.
8
Let k = 41 - 21. Let q = 40608 - 40578. Calculate the greatest common divisor of k and q.
10
Let g = -2317 - -2328. What is the highest common divisor of 5412 and g?
11
Suppose 5*z + 4*q = 14, -11*z + 13*z + 2*q - 6 = 0. Suppose -4*j = z*y - 476, 0 = 11*j - 13*j + 3*y + 238. What is the greatest common factor of j and 85?
17
Suppose 244 = -70*u + 72*u - 2*z, -4*u - 3*z = -495. Calculate the highest common divisor of u and 12054.
123
Suppose 4*i + 3*r = -0*i + 380, -3*r = -4*i + 380. Let d = -87 + i. Suppose -d*m + 397 - 93 = 0. Calculate the highest common factor of m and 152.
38
Suppose 5*d = -k + 96, -10*d + 14*d - 76 = -k. Let j = -280 - -340. Calculate the highest common divisor of j and d.
20
Suppose 2*v - 4*v = -10. Let k = -100 - -312. Let t = k - 157. What is the greatest common factor of v and t?
5
Let r = -2030 - -2170. Calculate the greatest common factor of r and 455.
35
Let c be 35*(2 - (4 - 3)). Let o be (-6)/15 - (3 + 8271/(-15)). Suppose 0 = -5*v + o + 327. Calculate the greatest common factor of v and c.
35
Let d(o) = -58*o**3 - 2*o**2 + 6*o + 6. Let i be d(-1). Calculate the greatest common factor of 128 and i.
8
Let t = 13 + -8. Suppose 0*z + t*b + 13 = 2*z, 3*z = 4*b + 9. Let x be (-4 + (3 - 0))*125/z. Calculate the greatest common factor of 50 and x.
25
Let p = -20235 - -49496. Calculate the highest common divisor of 29 and p.
29
Suppose -7*k = -2*k - 720. Suppose q = -5*j + 201, -j + 20 = q - 17. Suppose -49 = -5*l + j. Calculate the highest common factor of k and l.
18
Let u(n) = n**3 - 4*n**2 - 3*n + 6. Let c be u(6). Suppose -28*j - 24*j + 7800 = 0. What is the highest common divisor of c and j?
30
Let g(j) = -j**3 - 3*j**2 + 10*j - 10. Let i be g(-5). Let o(z) = -z**2 - 17*z - 37. Let s be o(i). What is the highest common divisor of s and 55?
11
Suppose k = 3*w - 110476, 34*w - 31*w - 6*k = 110436. Calculate the greatest common divisor of 792 and w.
396
Let b be (63/(-6))/(23/((-10304)/9940) + 22). Suppose k = -2*y + 406, 3*k - 85 = y + 1133. What is the highest common factor of k and b?
14
Let m be 303/27 - (-2)/(-9). Let o(n) = 3*n + 4. Let w be o(2). Suppose w*g = 6*g + 132. What is the highest common factor of m and g?
11
Suppose -26*f = -53*f + 1377. Let k be (f/9)/(1/42). What is the highest common divisor of k and 85?
17
Let m = 67 - 61. Suppose -187 = 5*x - m*x. Calculate the highest common divisor of x and 17.
17
Let j(o) = -o**3 - 82*o**2 + 85*o + 231. Let c be j(-83). What is the greatest common divisor of 17355 and c?
65
Suppose 4*z = 2*g - 198, -146 = -2*g - 5*z + 34. Suppose -5*m = -m - 460. Let c = -96 + m. Calculate the greatest common factor of c and g.
19
Let i = -1 + 4. Let g = 532 + -529. What is the greatest common factor of g and i?
3
Let p = -5298 + 5324. What is the highest common factor of 507 and p?
13
Suppose 25*x - 2*q - 2311 = 0, -14*x + 2*q + 451 = -9*x. Suppose -2*b + 32 + 154 = 0. Calculate the greatest common divisor of b and x.
93
Suppose -2*l - 5*b = -1685, -5*b + 454 - 2129 = -2*l. Calculate the greatest common divisor of l and 63.
21
Let a = 234 - 235. Let r(t) = 680*t**2 + 5*t. Let m be r(a). What is the greatest common factor of 54 and m?
27
Let s(u) be the first derivative of 2*u**3/3 - u**2 - 33*u - 23. Let z be s(6). What is the greatest common factor of 18 and z?
9
Let v(w) = -w**3 - 11*w**2 - 31*w + 25. Let f be v(-9). Calculate the greatest common factor of 497 and f.
71
Suppose d = c + 46, 4*d - 7*c = -6*c + 169. Let k = -345 - -632. What is the highest common divisor of k and d?
41
Suppose 3*h - 1 = 8. Let j(d) = h*d**3 - 3*d + 15 - 6*d**2 - 3*d**2 + 2*d - 4*d**3. Let c be j(-9). Calculate the greatest common factor of c and 60.
12
Let b = 185 - 182. Let o be 79 + (b - (7 + 0)). Calculate the highest common factor of o and 3.
3
Let y(j) = -53*j**3 - 54*j**3 + 2*j - 2*j**2 + 108*j**3 - 8. Let m be y(8). What is the highest common divisor of 56 and m?
56
Let w(s) = -44*s - 2081. Let c be w(-49). What is the greatest common factor of c and 3255?
15
Let a be (-245)/(-85) + 8/68. Suppose a*z + 2*z = 1360. Let s = z + -160. What is the highest common factor of 14 and s?
14
Let v(w) = 12*w + 2. Let t be v(4). Suppose 3*s + 0*k - 31 = -4*k, 5*k - t = -5*s. Let p = -19245 - -19344. Calculate the highest common factor of s and p.
9
Let m(n) = 13*n - 28*n + 6 + 13*n. Let p be m(0). Suppose p*f - 53 = 517. What is the greatest common divisor of 38 and f?
19
Let t(f) = f + 8. Let r be t(36). Let d = -8 + 7. Let c be d/7 - 620/(-28). Calculate the highest common divisor of r and c.
22
Let p(n) = -40*n - 261. Let o be p(-13). What is the greatest common factor of o and 91?
7
Let x be -4 - (-6*1)/(-3). Let a = 69 + x. Suppose 2*o - a = o. What is the highest common factor of o and 7?
7
Let a be (-3)/(-6)*12/2. Let p = -30 + 41. Suppose p - 2 = a*h + k, 5*h - 5*k - 35 = 0. What is the highest common factor of h and 10?
2
Suppose k + 3*u = -23, -3 = 3*u - 4*u. Let x be -1 - -9 - 5 - (k + 0). Let o = 37 - x. Calculate the greatest common divisor of 2 and o.
2
Let f = -49 - -44. Let r be 38/f*(19 - 29). Let c(p) = 4*p**2 - 7*p - 10. Let v be c(8). Calculate the highest common factor of v and r.
38
Let i = 90 + 188. Let z = i - 269. Suppose m + l = 3*l + 26, -5*m = -3*l - 165. Calculate the greatest common factor of z and m.
9
Suppose -6*r - 1656 = -4*r - 5*r. What is the greatest common factor of r and 920?
184
Let k be -3*((-1)/(-2) + (-2695)/14). Suppose 187*w + k = 193*w. Calculate the greatest common divisor of w and 72.
24
Suppose -10*r = -34 + 14. Suppose -u - 5 = -r*u. Suppose u*l + 2*a - 1071 = 0, 9 = -5*a - 1. Calculate the highest common divisor of 86 and l.
43
Let n be 722 - 6 - 3 - 2. Let x = n + -687. Let p(u) = -u**3 - 4*u**2 + 2*u - 3. Let h be p(-5). Calculate the highest common factor of x and h.
12
Suppose 0*j + 6 = 3*x - 4*j, -2*x - 2*j + 4 = 0. Let n be -2 - 8/x*(1 - 0). Let v be (-3 + 2)/(2/n). Calculate the greatest common factor of v and 24.
3
Let z = -2478 + 2587. What is the greatest common divisor of 12426 and z?
109
Let v(m) = 13*m - 484. Let q be v(43). Calculate the greatest common factor of 255 and q.
15
Let j(x) = -1319*x - 532. Let r be j(-8). What is the greatest common divisor of 60 and r?
60
Let h be 17 + -7 + 0/(-1). Suppose h*m = 9*m + 2. Suppose -4*o - 3 = 1, m*n - 15 = -o. What is the highest common factor of n and 2?
2
Suppose 0 = 181*d - 127*d - 248346. What is the greatest common factor of 441 and d?
63
Suppose -40*f + 71*f - 59210 = 0. Calculate the greatest common divisor of 20 and f.
10
Suppose -10*y = -6*y - 124. Suppose -30*d - 306 = -y*d. Suppose b - 11 = 23. What is the greatest common factor of d and b?
34
Suppose 8004 = c - 0*c - 4*w, 2*c + 5*w - 16073 = 0. Calculate the greatest common divisor of 59 and c.
59
Suppose 3 + 3 = -v. Let d be (0 + -3)*2/v. Suppose 180*x = 49*x + 649 + 1054. Calculate the greatest common divisor of d and x.
1
Let p = 8 + -3. Let z(t) = 3*t - 6 - t**2 + 2*t**2 - 6*t. Let m be z(p). What is the greatest common factor of m and 4?
4
Suppose 0 = -3*y - m + 18, 2*y - 4*m + 3*m = 12. Let h be (2/6 - 0)*3. Let s be 45 + -3 + (y/2)/h. Calculate the greatest common factor of s and 30.
15
Suppose 10*g = -10*g - 280. Let y(l) = l**2 + 5*l + 9. Let o be y(-6). Let s be o/12*g*(0 - 2). What is the highest common factor of s and 245?
35
Suppose -695*t + 805992 = -222*t. What is the greatest common factor of 78 and t?
6
Let q(d) = -15*d + 5. Let m be q(-7). Suppose 4*n = 4*h + 660, 3*n + h - 677 = -138. What is the highest common factor of n and m?
22
Suppose 0 = -3*i - 5*k + 13, 10*i - 11*i + 4*k = 7. Let b be (1 + 110 - i) + 103 + -99. What is the highest common factor of b and 19?
19
Let o = 5 + -4. Let u be o/(-3*3/(-1296)). Let b be ((-24)/(-18))/((-10)/72*12/(-20)). Calculate the greatest common divisor of u and b.
16
Let o(n) = n**2 - 6*n + 18. Let l be (-4)/(-8)*10*13. Let j = -60 + l. Let u be o(j). Calculate the highest common factor of 52 and u.
13
Let n = 4 - -1. Suppose 22*o - 28*o + 18 = 0. Suppose -4*v = o*h - 34, -2*h - 2*v + 4 = -18. What is the highest common divi